nder when 1721572 is divided by 161.
160
Calculate the remainder when 1754 is divided by 206.
106
What is the remainder when 10625 is divided by 164?
129
What is the remainder when 60115 is divided by 10018?
7
Calculate the remainder when 103550 is divided by 66.
62
Calculate the remainder when 6940 is divided by 16.
12
What is the remainder when 1657 is divided by 236?
5
Calculate the remainder when 9750 is divided by 5.
0
What is the remainder when 17436 is divided by 115?
71
Calculate the remainder when 44187 is divided by 8.
3
Calculate the remainder when 25786 is divided by 14.
12
Calculate the remainder when 10512 is divided by 705.
642
Calculate the remainder when 6248 is divided by 614.
108
Calculate the remainder when 18669 is divided by 1332.
21
What is the remainder when 4255 is divided by 4251?
4
Calculate the remainder when 37942 is divided by 279.
277
What is the remainder when 233213 is divided by 77737?
2
What is the remainder when 79770 is divided by 760?
730
Calculate the remainder when 66059 is divided by 367.
366
Calculate the remainder when 479 is divided by 311.
168
Calculate the remainder when 13976 is divided by 333.
323
Calculate the remainder when 2525 is divided by 48.
29
Calculate the remainder when 1693 is divided by 1400.
293
What is the remainder when 8297 is divided by 924?
905
Calculate the remainder when 3539 is divided by 87.
59
What is the remainder when 3459 is divided by 52?
27
What is the remainder when 64265 is divided by 309?
302
What is the remainder when 10208 is divided by 131?
121
What is the remainder when 5347 is divided by 594?
1
What is the remainder when 378 is divided by 156?
66
What is the remainder when 57399 is divided by 328?
327
What is the remainder when 136985 is divided by 36?
5
Calculate the remainder when 15918 is divided by 18.
6
Calculate the remainder when 8457 is divided by 8409.
48
Calculate the remainder when 3122250 is divided by 27.
24
What is the remainder when 2462 is divided by 812?
26
Calculate the remainder when 9292 is divided by 834.
118
What is the remainder when 4668 is divided by 744?
204
What is the remainder when 668 is divided by 310?
48
What is the remainder when 26921 is divided by 408?
401
Calculate the remainder when 778137 is divided by 17.
13
Calculate the remainder when 772254 is divided by 739.
738
What is the remainder when 5304 is divided by 39?
0
What is the remainder when 1971888 is divided by 25?
13
What is the remainder when 850 is divided by 139?
16
What is the remainder when 2151 is divided by 1?
0
Calculate the remainder when 243518 is divided by 47.
11
What is the remainder when 30445 is divided by 163?
127
What is the remainder when 1669 is divided by 18?
13
What is the remainder when 4311 is divided by 96?
87
Calculate the remainder when 26403 is divided by 9.
6
What is the remainder when 140663 is divided by 1224?
1127
Calculate the remainder when 616 is divided by 376.
240
Calculate the remainder when 186758 is divided by 93379.
0
What is the remainder when 1063 is divided by 219?
187
What is the remainder when 4504 is divided by 196?
192
What is the remainder when 7491 is divided by 2441?
168
What is the remainder when 6060 is divided by 5926?
134
Calculate the remainder when 12649 is divided by 654.
223
What is the remainder when 1244248 is divided by 14?
12
Calculate the remainder when 8883935 is divided by 291.
287
Calculate the remainder when 2633 is divided by 11.
4
What is the remainder when 4619 is divided by 2214?
191
What is the remainder when 44223 is divided by 6?
3
What is the remainder when 5980 is divided by 113?
104
Calculate the remainder when 1919 is divided by 109.
66
Calculate the remainder when 15817 is divided by 78.
61
What is the remainder when 50877 is divided by 248?
37
Calculate the remainder when 47213 is divided by 4721.
3
Calculate the remainder when 19429 is divided by 20.
9
What is the remainder when 1169 is divided by 523?
123
What is the remainder when 215052 is divided by 121?
35
What is the remainder when 23997 is divided by 197?
160
What is the remainder when 2040 is divided by 138?
108
What is the remainder when 27549 is divided by 1201?
1127
What is the remainder when 31360 is divided by 36?
4
What is the remainder when 2955 is divided by 2730?
225
What is the remainder when 31265 is divided by 387?
305
What is the remainder when 270778 is divided by 707?
704
Calculate the remainder when 304802 is divided by 12192.
2
What is the remainder when 5049 is divided by 4927?
122
Calculate the remainder when 30071 is divided by 575.
171
Calculate the remainder when 9334 is divided by 38.
24
What is the remainder when 301149 is divided by 475?
474
Calculate the remainder when 6304 is divided by 76.
72
What is the remainder when 881 is divided by 72?
17
What is the remainder when 11510 is divided by 268?
254
What is the remainder when 2379 is divided by 35?
34
What is the remainder when 9508 is divided by 3149?
61
What is the remainder when 3911 is divided by 33?
17
What is the remainder when 3297 is divided by 61?
3
What is the remainder when 8240 is divided by 522?
410
Calculate the remainder when 20702 is divided by 119.
115
Calculate the remainder when 252 is divided by 91.
70
What is the remainder when 408429 is divided by 16?
13
Calculate the remainder when 1607 is divided by 41.
8
What is the remainder when 104977 is divided by 11?
4
What is the remainder when 1349 is divided by 112?
5
Calculate the remainder when 21024 is divided by 478.
470
Calculate the remainder when 9973 is divided by 4967.
39
What is the remainder when 32022 is divided by 175?
172
Calculate the remainder when 5705 is divided by 334.
27
What is the remainder when 89765 is divided by 89735?
30
Calculate the remainder when 2132 is divided by 232.
44
Calculate the remainder when 141477 is divided by 18.
15
Calculate the remainder when 93874 is divided by 48.
34
What is the remainder when 166009 is divided by 7217?
18
Calculate the remainder when 723903 is divided by 137.
132
Calculate the remainder when 350999 is divided by 200.
199
What is the remainder when 131468 is divided by 32861?
24
What is the remainder when 387828 is divided by 1026?
0
What is the remainder when 180564 is divided by 18?
6
Calculate the remainder when 2080 is divided by 30.
10
What is the remainder when 2697 is divided by 30?
27
What is the remainder when 1288 is divided by 779?
509
What is the remainder when 6095 is divided by 12?
11
What is the remainder when 6892 is divided by 17?
7
What is the remainder when 20512 is divided by 248?
176
What is the remainder when 17346 is divided by 8632?
82
What is the remainder when 1195417 is divided by 5?
2
Calculate the remainder when 47166 is divided by 524.
6
Calculate the remainder when 324479 is divided by 38.
35
What is the remainder when 11245 is divided by 12?
1
Calculate the remainder when 5061 is divided by 71.
20
What is the remainder when 8896 is divided by 148?
16
Calculate the remainder when 184946 is divided by 97.
64
What is the remainder when 474731 is divided by 166?
137
Calculate the remainder when 2172623 is divided by 35.
33
Calculate the remainder when 66881 is divided by 471.
470
Calculate the remainder when 1582270 is divided by 16.
14
Calculate the remainder when 5471 is divided by 114.
113
Calculate the remainder when 157 is divided by 35.
17
What is the remainder when 12117 is divided by 12110?
7
Calculate the remainder when 17410 is divided by 169.
3
What is the remainder when 7465 is divided by 97?
93
What is the remainder when 5768 is divided by 321?
311
Calculate the remainder when 4741 is divided by 4716.
25
What is the remainder when 2379 is divided by 116?
59
Calculate the remainder when 93964 is divided by 573.
565
Calculate the remainder when 32102 is divided by 352.
70
Calculate the remainder when 435 is divided by 122.
69
Calculate the remainder when 242423 is divided by 48472.
63
Calculate the remainder when 78881 is divided by 78876.
5
Calculate the remainder when 971863 is divided by 207.
205
Calculate the remainder when 3998 is divided by 132.
38
Calculate the remainder when 6052 is divided by 1383.
520
Calculate the remainder when 31952 is divided by 55.
52
What is the remai